t i = 775 - 773. Let h(o) be the third derivative of -1/24*o**4 + 0*o + 4*o**i + 0 - 1/60*o**5 + 0*o**3. Calculate h(-2).
-2
Suppose -m + 620 - 626 = 0. Suppose -3*n - 1 - 11 = -3*f, 5*n = -4*f + 34. Let g(b) = -17*b**2 + 16*b**2 - 6*b**2 - b**3 - f*b. Calculate g(m).
0
Let b(s) = 10*s - 551. Let n be b(54). Let j(v) = v**2 + 14*v + 21. What is j(n)?
-12
Let z(k) = 2*k**2 - 73*k + 10. Let y(s) = -2*s**2 - 22*s + 1. Let h(b) = -3*y(b) + z(b). Give h(1).
8
Let w(r) = 89*r**2 + 91*r**2 + 83*r**2 - 4*r + r - 264*r**2. Determine w(4).
-28
Let u(c) = -1 + 4*c + 6*c**2 + c**3 - c**2 - 2. Let q(p) = -650*p + 1296. Let x be q(2). Give u(x).
-3
Let w(m) = 83*m + 45. Let f(v) = 30*v + 14. Let c(j) = -11*f(j) + 4*w(j). Determine c(-13).
0
Suppose -11 = -2*w + 2*x + 7, -x = -2*w + 16. Let i(z) = -2*z**2 - 15*z. Let t(n) = 6*n**2 + 45*n. Let s(c) = w*i(c) + 2*t(c). Give s(-8).
-8
Suppose -2*f + 1860 = -95*f. Let d(g) = g**3 + 20*g**2 + 16. Calculate d(f).
16
Suppose 261*s = -726*s + 8883. Let f(r) = -2 - 3 - 2 + r. Determine f(s).
2
Let i be (-1)/((3 - -2)/20). Let s = 11 + i. Suppose j = -3*j + 2*g + 26, -s = -2*j - g. Let w(n) = n**3 - 6*n**2 + 5*n - 1. Calculate w(j).
-1
Let i(c) = -c**2 + 10*c + 3. Suppose -4*j = 8, -4*j = 4*a - 13 + 1. Suppose -a*x - 2 = -37. Calculate i(x).
24
Let t(h) be the first derivative of h**4/12 + h**3/2 - h**2 - 38*h + 198. Let c(i) be the first derivative of t(i). Determine c(4).
26
Let v(k) = k**2 + 121*k - 1318. Let g be v(10). Let z(w) = w**2 + 10*w + 9. Give z(g).
-7
Suppose 2*u = 4*u - 4. Let i(q) = -11*q - 8. Let z(d) = -2*d - 3. Let f(p) = -14*p - 17. Let o(r) = -f(r) + 5*z(r). Let x(y) = -i(y) - 5*o(y). Determine x(u).
-20
Let b(d) = 2*d**2 + 12*d - 3. Suppose -73 - 87 = -32*l. Suppose -3 = 3*p - 5*m, -m + 10 = -3*p - l. Give b(p).
-3
Let t(z) = -z**3 + 9*z**2 - 4*z + 46. Let k be t(9). Suppose k*q - 21*q = -33. Let h(c) = 2*c + 1. Determine h(q).
7
Let h(c) = -13*c**2 + 5*c + 29. Let o(t) = 11*t**2 - 5*t - 25. Let y(w) = -5*h(w) - 6*o(w). Suppose 44 - 4 = 8*x. Calculate y(x).
5
Let g(m) = 9*m**3 - 37*m**2 - 192*m - 13. Let s(q) = 5*q**3 - 19*q**2 - 108*q - 6. Let a(i) = 4*g(i) - 7*s(i). Determine a(16).
54
Let g(o) = o**3 + 6*o**2 - 3*o + 8. Let l(c) = -c**3 - c**2 - 1. Let u(h) = -g(h) - 2*l(h). Let q be 8 + (-40)/(11 - 1). Give u(q).
6
Suppose 2*d = -3*t + 32, 4*t = 3*d - 48 + 51. Let k(q) = 16*q - 88. Determine k(d).
24
Let l be ((-555)/(-25) + -24)/(2/(40/6)). Let d(v) = -v**2 + 3*v + 61. What is d(l)?
7
Let y(u) be the first derivative of 7/120*u**5 - 5/24*u**4 + 0*u**2 + 0*u - 14 - 1/360*u**6 - 10*u**3. Let v(h) be the third derivative of y(h). Determine v(5).
5
Let l(f) = 48*f**3 + f**2 + 3*f + 3. Suppose 3*z + 332 - 313 = -4*i, -z = i + 5. Give l(z).
-47
Let k(b) be the third derivative of b**4/24 - 5*b**3/3 + 40*b**2 - 2*b. Let h(o) = -2*o**2 + 10*o + 6. Let c be h(5). Determine k(c).
-4
Let m(d) be the second derivative of -1 + 5*d + 1/12*d**4 + 1/20*d**5 - 5/6*d**3 - d**2. Determine m(-3).
-5
Let i(j) = 3*j**2 + 2*j - 10. Let r(p) = 20*p - 338. Let z be r(17). Give i(z).
6
Let d(p) be the first derivative of 3*p**2/2 - 7*p - 1750. Determine d(9).
20
Let u(h) = -38*h + 292. Suppose 3*m - o - 77 = -47, 2*m + 2 = -3*o. What is u(m)?
-12
Let o(j) = -j**3 + 5*j**2 - 2*j - 5. Suppose 0 = 4*b - 12, -3*b - 2 + 3 = -2*x. Suppose 2*d = -3*d - x*q - 243, 0 = -d - 4*q - 39. Let t = 56 + d. What is o(t)?
-15
Let g(k) = 11*k - 179. Let r(b) = -39*b + 624. Let n(f) = -18*g(f) - 5*r(f). Determine n(34).
0
Let t be 1040/(-390)*(-9)/12. Let b(z) = -z + 12. Determine b(t).
10
Let q(j) = -10*j - 1. Let n(r) = 17*r + 2. Let h(f) = 3*n(f) + 5*q(f). Let v(g) = 3*g + 3*g - 7*g. Let b(z) = 4*h(z) + 5*v(z). What is b(-6)?
10
Let w(r) = 7*r - 31. Let b(n) = n**3 + 35*n**2 + 91*n + 832. Let a be b(-33). Give w(a).
18
Let r = 373 - 371. Let i(t) = -r*t + 18 + t + 3*t - t. What is i(-11)?
7
Let y(x) = 3*x**3 - 3*x**2 + 24*x. Let f(h) = -19*h**3 + 15*h**2 - 146*h - 1. Let q(a) = 2*f(a) + 13*y(a). Give q(5).
-2
Let r(v) = -v**3 - 8*v**2 + v + 9. Suppose 0 = 3*q + 2*n - 4*n - 3, 5*q = 4*n + 3. Suppose -b = -d + 8, -q*d - 9 = -5*b - 49. Give r(b).
1
Let w(x) = -135*x**2 - 4 - 90*x + 1 + 136*x**2 + 91*x. What is w(2)?
3
Let d(m) = -1 - 3*m**2 - m - m + 12*m**2. Let t be 24/(-36) + (-662)/6. Let l be (2 - -1)*1*37/t. Give d(l).
10
Let y(t) = -6*t - 8. Let d be y(0). Let n(l) be the third derivative of -l**4/24 - l**3 + 8*l**2. Determine n(d).
2
Suppose -z - 45*y - 5 = -42*y, 0 = 2*z + 3*y + 10. Let n(i) = 0*i + 2 + 2*i + 0*i - 5*i. What is n(z)?
17
Suppose -13*b + 6 = -33. Let x(t) = b*t - 1 - 8*t + 3*t - 12*t. Calculate x(-1).
13
Let a(t) = -t**2 + 5*t + 12. Let u(g) = 57*g + 518. Let b be u(-9). Give a(b).
12
Let r(g) = 5*g - 2. Let c(v) = -v + 13. Let q be c(7). Suppose -15 = q*i - 27. Suppose -i = 4*x + 3*w - 5*w, w - 9 = -2*x. Give r(x).
8
Let i(o) be the third derivative of o**5/30 + 7*o**4/24 + o**3 + o**2 - 947*o. Let v(a) = 3*a + 29. Let u be v(-11). Determine i(u).
10
Let n(o) = o**2 - 12*o + 8. Let w(m) = m**3 - 17*m**2 + 24*m + 99. Let q be w(15). What is n(q)?
-19
Let v(g) = -2*g**2 + 15*g - 42. Suppose -17*w - 32 + 9 + 125 = 0. What is v(w)?
-24
Let k(j) = -6*j + 38. Suppose 286*u + 84 = -300*u + 614*u. What is k(u)?
20
Let v(f) = -f - 1. Let b(g) = -g - 2. Let j(o) = 5*b(o) - 4*v(o). Suppose -35*m + 158 + 122 = 0. What is j(m)?
-14
Let k(f) be the third derivative of f**4/12 - 7*f**3/6 - 5*f**2 + 67. Give k(-6).
-19
Let y(j) = 6*j. Let g(k) = 4*k - 56. Let u be g(15). Suppose 54 = -u*x + 50. Determine y(x).
-6
Let x(k) = -k - 10. Let q be x(-8). Let u = -3 + q. Let f(o) = 13*o - 21*o - 4*o**2 + 1 - o**3 + 13*o + 0*o**3. What is f(u)?
1
Let q be -270 + (-1 + 7/3)*-3. Let l = q + 275. Let n(y) = 5*y - 2. Determine n(l).
3
Let o = -43 - -45. Let u(h) = 1471*h - 1471*h + 2*h**o. Give u(2).
8
Suppose -31 = 5*n - 2*x - 35, n + 3*x = 11. Let g(o) be the third derivative of -7/24*o**4 + 0*o**3 + 1 + 0*o - 2*o**n - 1/60*o**5. Give g(-5).
10
Let p(h) = -h**2 + 7*h + 3. Let l be 6*(-4 + (-9)/(-2)). Suppose l*y - 3*n - 141 = 0, 4*y - 2*n - 27 - 151 = 0. Suppose -9*r + y = -3*r. Calculate p(r).
3
Let i be 3/(99/303) - 6/33. Let t(m) = m + i + 17 - 36. Let c(l) = 9*l**2 - 2*l + 1. Let z be c(1). Determine t(z).
-2
Let j(m) = -380484 + 380482 + m**3 + m**2 + 0*m**2. Suppose -2*p + 5 = -4*t - 5, 0 = 2*t + 2*p + 2. Determine j(t).
-6
Let l = 945 - 946. Let u(o) = -16*o**2 - 4*o - 5. Determine u(l).
-17
Suppose 0 = 47*n - 43*n - 20. Let t be (-2)/(-9) + (-25)/(-9). Let k(m) = -2*m**3 + 0*m**t + m + n*m**3 + 2 - 4*m**3 - m**2. Determine k(-2).
4
Let v = -2123 + 2131. Let k(n) = -n**2 + 9*n - 8. Give k(v).
0
Suppose 4*u - 2*u + 20 = 0. Let t(b) be the first derivative of -b**3/3 - 5*b**2 - 5*b - 63210. Determine t(u).
-5
Let j(a) = 3*a - 102. Let x(s) = -s + 36. Let d(v) = 6*j(v) + 17*x(v). Let c(m) = 5 + 5*m - 4 + m**2 - 4. Let g(u) = -c(u) + 3*d(u). Calculate g(-6).
-21
Let b = -223 - -218. Let a(p) = 3*p. Give a(b).
-15
Let z(n) = n - 2*n**3 + 1 - 3*n + n. Suppose -9*d + 53 = 44. Let b be -4 - (-4 + d/(-2 - -1)). What is z(b)?
-2
Let g(n) = 5*n**2 - 4*n**2 + n**3 + 16*n**2 - 39 + 139*n + 7*n**2 - 97*n. Determine g(-22).
5
Suppose 1 - 61 = -4*x. Let c(r) = 13318*r - 6662*r - 8 + 3*r**2 - 6671*r - 2*r**2. Determine c(x).
-8
Let i(n) = 1 + n + 2*n - 4*n. Let q = 8962 + -8969. Determine i(q).
8
Let a(v) = 7*v**3 - v**2 + 2*v - 1. Let w(h) = -8 - 19*h - 86 + 8*h + 16*h. Let t be w(19). Determine a(t).
7
Let j(l) = l**2 - 9*l - 16. Suppose -13*c = 12*c - 200. What is j(c)?
-24
Let v(l) = -14 + l**2 - 5 + 18*l - 9 + 71. Calculate v(-3).
-2
Let p(d) = -d**3 + 6*d**2 - 4*d - 4. Let v be 9/6 + -5 + 405/10. Suppose -v*n = -41*n + 20. What is p(n)?
1
Let t(j) = 4*j + 26. Let q(z) = -z - 1. Let a(p) = -2*q(p) - t(p). Let l be a(-9). Let s(c) = -26 - c + 20 - 2. Calculate s(l).
-2
Let w = 5 + 1. Suppose 5*m - w*m = -4. Suppose 0 + 10 = -4*s + 2*z, m*z = 2*s - 10. Let j(r) = r - 1. What is j(s)?
-6
Let s(c) be the second derivative of c**5/20 - 2*c**4/3 + 8*c**3/3 - 6*c**2 - 327*c. Calculate s(6).
12
Let m(j) be the first derivative of j**2 - 2*j + 1721. Calculate m(-9).
-20
Let d(q) be the third derivative of -1/2*q**4 + 0 + 0*q - 1/6*q**3 - 109*q**2.